{"id":480,"date":"2023-10-16T10:54:33","date_gmt":"2023-10-16T10:54:33","guid":{"rendered":"https:\/\/iasgroup.xyz\/ops\/?page_id=480"},"modified":"2025-11-22T16:59:26","modified_gmt":"2025-11-22T16:59:26","slug":"liens","status":"publish","type":"page","link":"https:\/\/iasgroup.xyz\/ops\/liens\/","title":{"rendered":"Liens"},"content":{"rendered":"\t\t<div data-elementor-type=\"wp-page\" data-elementor-id=\"480\" class=\"elementor elementor-480\" data-elementor-post-type=\"page\">\n\t\t\t\t<div class=\"elementor-element elementor-element-50518cf e-flex e-con-boxed e-con e-parent\" data-id=\"50518cf\" data-element_type=\"container\">\n\t\t\t\t\t<div class=\"e-con-inner\">\n\t\t\t\t<div class=\"elementor-element elementor-element-08bce64 elementor-widget elementor-widget-heading\" data-id=\"08bce64\" data-element_type=\"widget\" data-widget_type=\"heading.default\">\n\t\t\t\t<div class=\"elementor-widget-container\">\n\t\t\t\t\t<h1 class=\"elementor-heading-title elementor-size-default\">Liens utiles<\/h1>\t\t\t\t<\/div>\n\t\t\t\t<\/div>\n\t\t\t\t<div class=\"elementor-element elementor-element-cae3db4 elementor-widget elementor-widget-heading\" data-id=\"cae3db4\" data-element_type=\"widget\" data-widget_type=\"heading.default\">\n\t\t\t\t<div class=\"elementor-widget-container\">\n\t\t\t\t\t<h2 class=\"elementor-heading-title elementor-size-default\">Demande de billets d'avion<\/h2>\t\t\t\t<\/div>\n\t\t\t\t<\/div>\n\t\t\t\t<div class=\"elementor-element elementor-element-26d836f elementor-widget elementor-widget-text-editor\" data-id=\"26d836f\" data-element_type=\"widget\" data-widget_type=\"text-editor.default\">\n\t\t\t\t<div class=\"elementor-widget-container\">\n\t\t\t\t\t\t\t\t\t<p>Veuillez remplir le formulaire suivant :<br \/>\u27a1\ufe0f\u00a0<a href=\"https:\/\/form.fillout.com\/t\/67VwB51sXgus\" target=\"_blank\" rel=\"noopener\">https:\/\/form.fillout.com\/t\/67VwB51sXgus<\/a><\/p>\t\t\t\t\t\t\t\t<\/div>\n\t\t\t\t<\/div>\n\t\t\t\t<div class=\"elementor-element elementor-element-d15cd5e elementor-widget elementor-widget-heading\" data-id=\"d15cd5e\" data-element_type=\"widget\" data-widget_type=\"heading.default\">\n\t\t\t\t<div class=\"elementor-widget-container\">\n\t\t\t\t\t<h2 class=\"elementor-heading-title elementor-size-default\">Demande d'absence<\/h2>\t\t\t\t<\/div>\n\t\t\t\t<\/div>\n\t\t\t\t<div class=\"elementor-element elementor-element-033a11e elementor-widget elementor-widget-text-editor\" data-id=\"033a11e\" data-element_type=\"widget\" data-widget_type=\"text-editor.default\">\n\t\t\t\t<div class=\"elementor-widget-container\">\n\t\t\t\t\t\t\t\t\t<p>Veuillez remplir le formulaire suivant :<br \/>\u27a1\ufe0f <a href=\"https:\/\/form.fillout.com\/t\/q442oXG7Vpus\">https:\/\/form.fillout.com\/t\/q442oXG7Vpus<\/a><\/p>\t\t\t\t\t\t\t\t<\/div>\n\t\t\t\t<\/div>\n\t\t\t\t<div class=\"elementor-element elementor-element-1ebb5bf elementor-widget elementor-widget-heading\" data-id=\"1ebb5bf\" data-element_type=\"widget\" data-widget_type=\"heading.default\">\n\t\t\t\t<div class=\"elementor-widget-container\">\n\t\t\t\t\t<h2 class=\"elementor-heading-title elementor-size-default\">Nouvelle mission d'un employ\u00e9<\/h2>\t\t\t\t<\/div>\n\t\t\t\t<\/div>\n\t\t\t\t<div class=\"elementor-element elementor-element-9cb30d6 elementor-widget elementor-widget-text-editor\" data-id=\"9cb30d6\" data-element_type=\"widget\" data-widget_type=\"text-editor.default\">\n\t\t\t\t<div class=\"elementor-widget-container\">\n\t\t\t\t\t\t\t\t\t<p>Veuillez remplir le formulaire suivant : <br \/>\u27a1\ufe0f\u00a0<a href=\"https:\/\/form.fillout.com\/t\/5mJRndKCVEus\" target=\"_blank\" rel=\"noopener\">https:\/\/form.fillout.com\/t\/5mJRndKCVEus<\/a><\/p>\t\t\t\t\t\t\t\t<\/div>\n\t\t\t\t<\/div>\n\t\t\t\t<div class=\"elementor-element elementor-element-a4e821c elementor-widget elementor-widget-heading\" data-id=\"a4e821c\" data-element_type=\"widget\" data-widget_type=\"heading.default\">\n\t\t\t\t<div class=\"elementor-widget-container\">\n\t\t\t\t\t<h2 class=\"elementor-heading-title elementor-size-default\">Demande de per diem &amp; d'avance<br>Demande de remboursement de d\u00e9pense<\/h2>\t\t\t\t<\/div>\n\t\t\t\t<\/div>\n\t\t\t\t<div class=\"elementor-element elementor-element-d507b4e elementor-widget elementor-widget-text-editor\" data-id=\"d507b4e\" data-element_type=\"widget\" data-widget_type=\"text-editor.default\">\n\t\t\t\t<div class=\"elementor-widget-container\">\n\t\t\t\t\t\t\t\t\t<p><span style=\"color: var( --e-global-color-text ); font-family: var( --e-global-typography-text-font-family ), Sans-serif; font-weight: var( --e-global-typography-text-font-weight ); text-align: var(--text-align); background-color: transparent;\"><strong>Syst\u00e9matiquement li\u00e9 \u00e0 une mission<\/strong> (voir formulaire au-dessus).<br>1 formulaire par demande.<\/span><\/p>\n<p><span style=\"color: var( --e-global-color-text ); font-family: var( --e-global-typography-text-font-family ), Sans-serif; font-weight: var( --e-global-typography-text-font-weight ); text-align: var(--text-align); background-color: transparent;\">Veuillez remplir le formulaire suivant :<br>\u27a1\ufe0f&nbsp;<a href=\"https:\/\/form.fillout.com\/t\/pK5KTDn7G3us\" target=\"_blank\" rel=\"noopener\">https:\/\/form.fillout.com\/t\/pK5KTDn7G3us<\/a><\/span><\/p>\t\t\t\t\t\t\t\t<\/div>\n\t\t\t\t<\/div>\n\t\t\t\t<div class=\"elementor-element elementor-element-9e9dc8a elementor-widget elementor-widget-heading\" data-id=\"9e9dc8a\" data-element_type=\"widget\" data-widget_type=\"heading.default\">\n\t\t\t\t<div class=\"elementor-widget-container\">\n\t\t\t\t\t<h2 class=\"elementor-heading-title elementor-size-default\">R\u00e9daction d'un ASR (\u00e9v\u00e9nement a\u00e9rien)<\/h2>\t\t\t\t<\/div>\n\t\t\t\t<\/div>\n\t\t\t\t<div class=\"elementor-element elementor-element-f0dfd27 elementor-widget elementor-widget-text-editor\" data-id=\"f0dfd27\" data-element_type=\"widget\" data-widget_type=\"text-editor.default\">\n\t\t\t\t<div class=\"elementor-widget-container\">\n\t\t\t\t\t\t\t\t\t<p><span style=\"background-color: transparent; color: var( --e-global-color-text ); font-family: var( --e-global-typography-text-font-family ), Sans-serif; font-weight: var( --e-global-typography-text-font-weight ); text-align: var(--text-align);\">Veuillez remplir le formulaire suivant :<br \/><\/span><span style=\"color: var( --e-global-color-text ); font-family: var( --e-global-typography-text-font-family ), Sans-serif; font-weight: var( --e-global-typography-text-font-weight ); text-align: var(--text-align); background-color: transparent;\">\u27a1\ufe0f<a href=\"https:\/\/docs.google.com\/forms\/d\/e\/1FAIpQLSfrMCIYRqGIBkV0b0IY7Wlnj03BKjVCXYhiWYrHmnApDsrB5Q\/viewform\">https:\/\/docs.google.com\/forms\/d\/e\/1FAIpQLSfrMCIYRqGIBkV0b0IY7Wlnj03BKjVCXYhiWYrHmnApDsrB5Q\/viewform<\/a><\/span><\/p>\t\t\t\t\t\t\t\t<\/div>\n\t\t\t\t<\/div>\n\t\t\t\t\t<\/div>\n\t\t\t\t<\/div>\n\t\t\t\t<\/div>\n\t\t","protected":false},"excerpt":{"rendered":"<p>Liens utiles Demande de billets d&rsquo;avion Veuillez remplir le formulaire suivant :\u27a1\ufe0f\u00a0https:\/\/form.fillout.com\/t\/67VwB51sXgus Demande d&rsquo;absence Veuillez remplir le formulaire suivant :\u27a1\ufe0f https:\/\/form.fillout.com\/t\/q442oXG7Vpus Nouvelle mission d&rsquo;un employ\u00e9 Veuillez remplir le formulaire suivant : \u27a1\ufe0f\u00a0https:\/\/form.fillout.com\/t\/5mJRndKCVEus Demande de per diem &amp; d&rsquo;avanceDemande de remboursement de d\u00e9pense Syst\u00e9matiquement li\u00e9 \u00e0 une mission (voir formulaire au-dessus).1 formulaire par demande. Veuillez remplir&#8230;<\/p>\n","protected":false},"author":1,"featured_media":0,"parent":0,"menu_order":0,"comment_status":"closed","ping_status":"closed","template":"","meta":{"_acf_changed":false,"_kad_post_transparent":"","_kad_post_title":"hide","_kad_post_layout":"fullwidth","_kad_post_sidebar_id":"","_kad_post_content_style":"unboxed","_kad_post_vertical_padding":"hide","_kad_post_feature":"hide","_kad_post_feature_position":"","_kad_post_header":false,"_kad_post_footer":false,"footnotes":""},"acf":[],"_links":{"self":[{"href":"https:\/\/iasgroup.xyz\/ops\/wp-json\/wp\/v2\/pages\/480"}],"collection":[{"href":"https:\/\/iasgroup.xyz\/ops\/wp-json\/wp\/v2\/pages"}],"about":[{"href":"https:\/\/iasgroup.xyz\/ops\/wp-json\/wp\/v2\/types\/page"}],"author":[{"embeddable":true,"href":"https:\/\/iasgroup.xyz\/ops\/wp-json\/wp\/v2\/users\/1"}],"replies":[{"embeddable":true,"href":"https:\/\/iasgroup.xyz\/ops\/wp-json\/wp\/v2\/comments?post=480"}],"version-history":[{"count":75,"href":"https:\/\/iasgroup.xyz\/ops\/wp-json\/wp\/v2\/pages\/480\/revisions"}],"predecessor-version":[{"id":789,"href":"https:\/\/iasgroup.xyz\/ops\/wp-json\/wp\/v2\/pages\/480\/revisions\/789"}],"wp:attachment":[{"href":"https:\/\/iasgroup.xyz\/ops\/wp-json\/wp\/v2\/media?parent=480"}],"curies":[{"name":"wp","href":"https:\/\/api.w.org\/{rel}","templated":true}]}}